{"id":4768,"date":"2026-02-24T18:32:09","date_gmt":"2026-02-24T17:32:09","guid":{"rendered":"https:\/\/www.bathart.net\/WordPress\/?page_id=4768"},"modified":"2026-04-09T20:17:15","modified_gmt":"2026-04-09T18:17:15","slug":"une-copro-pas-comme-les-autres","status":"publish","type":"page","link":"http:\/\/www.bathart.net\/WordPress\/une-copro-pas-comme-les-autres\/","title":{"rendered":"Une copro pas comme les autres (2026)"},"content":{"rendered":"\t\t<div data-elementor-type=\"wp-page\" data-elementor-id=\"4768\" class=\"elementor elementor-4768\">\n\t\t\t\t\t\t<section class=\"elementor-section elementor-top-section elementor-element elementor-element-ecefd54 elementor-section-boxed elementor-section-height-default elementor-section-height-default\" data-id=\"ecefd54\" data-element_type=\"section\">\n\t\t\t\t\t\t<div class=\"elementor-container elementor-column-gap-default\">\n\t\t\t\t\t<div class=\"elementor-column elementor-col-100 elementor-top-column elementor-element elementor-element-e2f50b1\" data-id=\"e2f50b1\" data-element_type=\"column\">\n\t\t\t<div class=\"elementor-widget-wrap elementor-element-populated\">\n\t\t\t\t\t\t<div class=\"elementor-element elementor-element-ebe22a7 elementor-widget elementor-widget-heading\" data-id=\"ebe22a7\" data-element_type=\"widget\" data-widget_type=\"heading.default\">\n\t\t\t\t<div class=\"elementor-widget-container\">\n\t\t\t\t\t<h2 class=\"elementor-heading-title elementor-size-default\">Bath'Art pr\u00e9sente : <\/h2>\t\t\t\t<\/div>\n\t\t\t\t<\/div>\n\t\t\t\t\t<\/div>\n\t\t<\/div>\n\t\t\t\t\t<\/div>\n\t\t<\/section>\n\t\t\t\t<section class=\"elementor-section elementor-top-section elementor-element elementor-element-403b682 elementor-section-boxed elementor-section-height-default elementor-section-height-default\" data-id=\"403b682\" data-element_type=\"section\">\n\t\t\t\t\t\t<div class=\"elementor-container elementor-column-gap-default\">\n\t\t\t\t\t<div class=\"elementor-column elementor-col-50 elementor-top-column elementor-element elementor-element-769e148\" data-id=\"769e148\" data-element_type=\"column\">\n\t\t\t<div class=\"elementor-widget-wrap elementor-element-populated\">\n\t\t\t\t\t\t<div class=\"elementor-element elementor-element-c0b9899 elementor-widget elementor-widget-image\" data-id=\"c0b9899\" data-element_type=\"widget\" data-widget_type=\"image.default\">\n\t\t\t\t<div class=\"elementor-widget-container\">\n\t\t\t\t\t\t\t\t\t\t\t\t\t\t\t<img fetchpriority=\"high\" decoding=\"async\" width=\"1357\" height=\"1920\" src=\"https:\/\/www.bathart.net\/WordPress\/wp-content\/uploads\/A3-HD_page-0001-1.jpg\" class=\"attachment-full size-full wp-image-4769\" alt=\"\" srcset=\"https:\/\/www.bathart.net\/WordPress\/wp-content\/uploads\/A3-HD_page-0001-1.jpg 1357w, https:\/\/www.bathart.net\/WordPress\/wp-content\/uploads\/A3-HD_page-0001-1-600x849.jpg 600w, https:\/\/www.bathart.net\/WordPress\/wp-content\/uploads\/A3-HD_page-0001-1-1086x1536.jpg 1086w, https:\/\/www.bathart.net\/WordPress\/wp-content\/uploads\/A3-HD_page-0001-1-200x283.jpg 200w, https:\/\/www.bathart.net\/WordPress\/wp-content\/uploads\/A3-HD_page-0001-1-1320x1868.jpg 1320w\" sizes=\"(max-width: 1357px) 100vw, 1357px\" \/>\t\t\t\t\t\t\t\t\t\t\t\t\t\t\t<\/div>\n\t\t\t\t<\/div>\n\t\t\t\t\t<\/div>\n\t\t<\/div>\n\t\t\t\t<div class=\"elementor-column elementor-col-50 elementor-top-column elementor-element elementor-element-359583a\" data-id=\"359583a\" data-element_type=\"column\">\n\t\t\t<div class=\"elementor-widget-wrap elementor-element-populated\">\n\t\t\t\t\t\t<div class=\"elementor-element elementor-element-0e34931 elementor-widget elementor-widget-text-editor\" data-id=\"0e34931\" data-element_type=\"widget\" data-widget_type=\"text-editor.default\">\n\t\t\t\t<div class=\"elementor-widget-container\">\n\t\t\t\t\t\t\t\t\t<h1><em>Une copro pas comme les autres<\/em><\/h1><p>\u00ab La vie d&rsquo;une copro pas comme les autres, avec des habitants&#8230;pas comme les autres ! Leurs diff\u00e9rentes (\u00e2ges, cultures, \u00e9ducations,etc) vont provoquer quelques rebondissements, certains plus inattendus que d&rsquo;autres ! \u00bb<\/p><p>En immersion au c\u0153ur d&rsquo;une copropri\u00e9t\u00e9 atypique, la pi\u00e8ce met en lumi\u00e8re des habitants attachants et leur quotidien captivant parfois impr\u00e9visible. Dr\u00f4le et r\u00e9aliste, elle incite \u00e0 r\u00e9fl\u00e9chir sur le vivre-ensemble et se r\u00e9v\u00e8le pleine d&rsquo;\u00e9motions.<\/p>\t\t\t\t\t\t\t\t<\/div>\n\t\t\t\t<\/div>\n\t\t\t\t\t<\/div>\n\t\t<\/div>\n\t\t\t\t\t<\/div>\n\t\t<\/section>\n\t\t\t\t<section class=\"elementor-section elementor-top-section elementor-element elementor-element-2784386e elementor-section-boxed elementor-section-height-default elementor-section-height-default\" data-id=\"2784386e\" data-element_type=\"section\">\n\t\t\t\t\t\t<div class=\"elementor-container elementor-column-gap-default\">\n\t\t\t\t\t<div class=\"elementor-column elementor-col-100 elementor-top-column elementor-element elementor-element-5e666bf8\" data-id=\"5e666bf8\" data-element_type=\"column\">\n\t\t\t<div class=\"elementor-widget-wrap elementor-element-populated\">\n\t\t\t\t\t\t<div class=\"elementor-element elementor-element-6b95f8fa elementor-widget__width-initial elementor-widget elementor-widget-text-editor\" data-id=\"6b95f8fa\" data-element_type=\"widget\" data-widget_type=\"text-editor.default\">\n\t\t\t\t<div class=\"elementor-widget-container\">\n\t\t\t\t\t\t\t\t\t<p><strong style=\"font-family: inherit; font-size: 0.9rem;\">PI\u00c8CE \u00c9CRITE PAR : <\/strong><span style=\"font-family: inherit; font-size: 0.9rem;\">Niko<\/span><\/p><p><strong style=\"font-family: inherit; font-size: 0.9rem;\">MISE EN SC\u00c8NE : <\/strong>Fanny Boisron et Nicolas Leboucher<\/p><p><strong>GENRE : <\/strong>Com\u00e9die<\/p>\t\t\t\t\t\t\t\t<\/div>\n\t\t\t\t<\/div>\n\t\t\t\t\t<\/div>\n\t\t<\/div>\n\t\t\t\t\t<\/div>\n\t\t<\/section>\n\t\t\t\t<section class=\"elementor-section elementor-top-section elementor-element elementor-element-787c1b5 elementor-section-boxed elementor-section-height-default elementor-section-height-default\" data-id=\"787c1b5\" data-element_type=\"section\">\n\t\t\t\t\t\t<div class=\"elementor-container elementor-column-gap-default\">\n\t\t\t\t\t<div class=\"elementor-column elementor-col-100 elementor-top-column elementor-element elementor-element-d2e0db8\" data-id=\"d2e0db8\" data-element_type=\"column\">\n\t\t\t<div class=\"elementor-widget-wrap elementor-element-populated\">\n\t\t\t\t\t\t<div class=\"elementor-element elementor-element-c8d0c18 elementor-widget elementor-widget-heading\" data-id=\"c8d0c18\" data-element_type=\"widget\" data-widget_type=\"heading.default\">\n\t\t\t\t<div class=\"elementor-widget-container\">\n\t\t\t\t\t<h2 class=\"elementor-heading-title elementor-size-default\">Les prochaines repr\u00e9sentations : <\/h2>\t\t\t\t<\/div>\n\t\t\t\t<\/div>\n\t\t\t\t\t<\/div>\n\t\t<\/div>\n\t\t\t\t\t<\/div>\n\t\t<\/section>\n\t\t\t\t<section class=\"elementor-section elementor-top-section elementor-element elementor-element-c447bfa elementor-section-boxed elementor-section-height-default elementor-section-height-default\" data-id=\"c447bfa\" data-element_type=\"section\">\n\t\t\t\t\t\t<div class=\"elementor-container elementor-column-gap-default\">\n\t\t\t\t\t<div class=\"elementor-column elementor-col-100 elementor-top-column elementor-element elementor-element-ba25736\" data-id=\"ba25736\" data-element_type=\"column\">\n\t\t\t<div class=\"elementor-widget-wrap elementor-element-populated\">\n\t\t\t\t\t\t<div class=\"elementor-element elementor-element-c72864f elementor-widget elementor-widget-text-editor\" data-id=\"c72864f\" data-element_type=\"widget\" data-widget_type=\"text-editor.default\">\n\t\t\t\t<div class=\"elementor-widget-container\">\n\t\t\t\t\t\t\t\t\t<p><a href=\"https:\/\/www.billetweb.fr\/une-copro-pas-comme-les-autres\" target=\"_blank\" rel=\"noopener\">Mercredi 18 mars 2026,<\/a> 20h*, Salle Fernand Pellicer<\/p><p><a href=\"https:\/\/www.billetweb.fr\/une-copro-pas-comme-les-autres1\" target=\"_blank\" rel=\"noopener\">Vendredi 17 avril 2026<\/a>, 20h*, MAM<\/p><p><a href=\"https:\/\/www.billetweb.fr\/une-copro-pas-comme-les-autres1\" target=\"_blank\" rel=\"noopener\">Samedi 18 avril 2026<\/a>, 20h*, MAM<\/p><p><a href=\"https:\/\/www.billetweb.fr\/une-copro-pas-comme-les-autres1\" target=\"_blank\" rel=\"noopener\">Dimanche 19 avril 2026<\/a>, 16h*, MAM<\/p><p><a href=\"https:\/\/www.billetweb.fr\/une-copro-pas-comme-les-autres-de-nicolas-leboucher\" target=\"_blank\" rel=\"noopener\">Mardi 19 mai 2026<\/a>, 20h, Bouillon<\/p><p><em>*Les horaires indiqu\u00e9s sont ceux du d\u00e9but du spectacle, l&rsquo;ouverture des salles se fera 30 minutes avant.<\/em><\/p>\t\t\t\t\t\t\t\t<\/div>\n\t\t\t\t<\/div>\n\t\t\t\t\t<\/div>\n\t\t<\/div>\n\t\t\t\t\t<\/div>\n\t\t<\/section>\n\t\t\t\t<\/div>\n\t\t","protected":false},"excerpt":{"rendered":"<p>Bath&rsquo;Art pr\u00e9sente : Une copro pas comme les autres \u00ab La vie d&rsquo;une copro pas comme les autres, avec des habitants&#8230;pas comme les autres ! Leurs diff\u00e9rentes (\u00e2ges, cultures, \u00e9ducations,etc) vont provoquer quelques rebondissements, certains plus inattendus que d&rsquo;autres ! \u00bb En immersion au c\u0153ur d&rsquo;une copropri\u00e9t\u00e9 atypique, la pi\u00e8ce met en lumi\u00e8re des habitants [&hellip;]<\/p>\n","protected":false},"author":6,"featured_media":0,"parent":0,"menu_order":0,"comment_status":"closed","ping_status":"closed","template":"","meta":{"footnotes":""},"class_list":["post-4768","page","type-page","status-publish","hentry"],"_links":{"self":[{"href":"http:\/\/www.bathart.net\/WordPress\/wp-json\/wp\/v2\/pages\/4768","targetHints":{"allow":["GET"]}}],"collection":[{"href":"http:\/\/www.bathart.net\/WordPress\/wp-json\/wp\/v2\/pages"}],"about":[{"href":"http:\/\/www.bathart.net\/WordPress\/wp-json\/wp\/v2\/types\/page"}],"author":[{"embeddable":true,"href":"http:\/\/www.bathart.net\/WordPress\/wp-json\/wp\/v2\/users\/6"}],"replies":[{"embeddable":true,"href":"http:\/\/www.bathart.net\/WordPress\/wp-json\/wp\/v2\/comments?post=4768"}],"version-history":[{"count":18,"href":"http:\/\/www.bathart.net\/WordPress\/wp-json\/wp\/v2\/pages\/4768\/revisions"}],"predecessor-version":[{"id":4862,"href":"http:\/\/www.bathart.net\/WordPress\/wp-json\/wp\/v2\/pages\/4768\/revisions\/4862"}],"wp:attachment":[{"href":"http:\/\/www.bathart.net\/WordPress\/wp-json\/wp\/v2\/media?parent=4768"}],"curies":[{"name":"wp","href":"https:\/\/api.w.org\/{rel}","templated":true}]}}