{"id":3095,"date":"2021-03-21T16:00:54","date_gmt":"2021-03-21T15:00:54","guid":{"rendered":"https:\/\/www.bathart.net\/WordPress\/?page_id=3095"},"modified":"2026-04-09T20:18:05","modified_gmt":"2026-04-09T18:18:05","slug":"agenda","status":"publish","type":"page","link":"http:\/\/www.bathart.net\/WordPress\/agenda\/","title":{"rendered":"AGENDA"},"content":{"rendered":"\r\n<p><strong><mark class=\"has-inline-color has-vivid-purple-color\" style=\"background-color: rgba(0, 0, 0, 0);\">Dates \u00e0 retenir :<\/mark><\/strong><\/p>\r\n\r\n\r\n\r\n<ul class=\"wp-block-list\">\r\n<li><strong>22 octobre 2025<\/strong> (20h00) : Assembl\u00e9e g\u00e9n\u00e9rale &#8211; Hall de Sciences (5 rue de Chartres)<\/li>\r\n\r\n\r\n\r\n<li><strong>30 octobre et 1er novembre 2025<\/strong> : Murder party au Ch\u00e2teau de Chamerolles<\/li>\r\n\r\n\r\n\r\n<li><strong>9 d\u00e9cembre 2025<\/strong> (20h30) : Concentr\u00e9 de Bath&rsquo;art &#8211; Bouillon<\/li>\r\n<li><strong>4 mars 2026<\/strong> : Jeu de piste sur le campus universitaire en partenariat avec l&rsquo;IAE et la Fabrique Op\u00e9ra<\/li>\r\n<li><strong>18 mars 2026<\/strong> (20h00) : <em>Une copro pas comme les autres<\/em> &#8211; salle Fernand Pellicer<\/li>\r\n<li><strong>17 avril 2026<\/strong> (20h) : <em>Une copro pas comme les autres<\/em> &#8211; Maison des Arts et de la Musique<\/li>\r\n<li><strong>18 avril 2026<\/strong> (20h) : <em>Une copro pas comme les autres<\/em> &#8211; Maison des Arts et de la Musique<\/li>\r\n<li><strong>19 avril 2026<\/strong> (16h00) : <em>Une copro pas comme les autres<\/em> &#8211; Maison des Arts et de la Musique<\/li>\r\n<li><strong>19 mai 2026<\/strong> (20h00) : <em>Une copro pas comme les autres<\/em> &#8211; Bouillon<\/li>\r\n<li><strong>31 mai 2026<\/strong> : Animation de l&rsquo;\u00e9dition 2026 du V\u00e9lo Tours<\/li>\r\n<\/ul>\r\n\r\n\r\n\r\n<div class=\"wp-block-spacer\" style=\"height: 30px;\" aria-hidden=\"true\">\u00a0<\/div>\r\n\r\n\r\n\r\n<p><strong><mark class=\"has-inline-color has-luminous-vivid-orange-color\" style=\"background-color: rgba(0, 0, 0, 0);\">Chaque semaine :<\/mark><\/strong><\/p>\r\n\r\n\r\n\r\n<p>De 20h00 \u00e0 23h00 dans le hall de Sciences de l&rsquo;Universit\u00e9 d&rsquo;Orl\u00e9ans (5 rue de Chartres)<\/p>\r\n\r\n\r\n\r\n<ul class=\"wp-block-list\">\r\n<li><strong>Lundi<\/strong> : r\u00e9p\u00e9tition de la pi\u00e8ce <em>Une copro pas comme les autres<\/em><\/li>\r\n\r\n\r\n\r\n<li><strong>Mardi <\/strong>: r\u00e9p\u00e9tition de la pi\u00e8ce <em>Une copro pas comme les autres<\/em><\/li>\r\n\r\n\r\n\r\n<li><strong>Mercredi <\/strong>: ATELIER COMEDIEN (ouvert \u00e0 tout.e.s)<\/li>\r\n\r\n\r\n<\/ul>\r\n<p>Et bient\u00f4t un stand up en pr\u00e9paration.<\/p>\r\n\r\n\r\n\r\n<p>&nbsp;<\/p>\r\n","protected":false},"excerpt":{"rendered":"<p>Dates \u00e0 retenir : Chaque semaine : De 20h00 \u00e0 23h00 dans le hall de Sciences de l&rsquo;Universit\u00e9 d&rsquo;Orl\u00e9ans (5 rue de Chartres) &nbsp;<\/p>\n","protected":false},"author":6,"featured_media":0,"parent":0,"menu_order":3,"comment_status":"closed","ping_status":"closed","template":"","meta":{"footnotes":""},"class_list":["post-3095","page","type-page","status-publish","hentry"],"_links":{"self":[{"href":"http:\/\/www.bathart.net\/WordPress\/wp-json\/wp\/v2\/pages\/3095","targetHints":{"allow":["GET"]}}],"collection":[{"href":"http:\/\/www.bathart.net\/WordPress\/wp-json\/wp\/v2\/pages"}],"about":[{"href":"http:\/\/www.bathart.net\/WordPress\/wp-json\/wp\/v2\/types\/page"}],"author":[{"embeddable":true,"href":"http:\/\/www.bathart.net\/WordPress\/wp-json\/wp\/v2\/users\/6"}],"replies":[{"embeddable":true,"href":"http:\/\/www.bathart.net\/WordPress\/wp-json\/wp\/v2\/comments?post=3095"}],"version-history":[{"count":64,"href":"http:\/\/www.bathart.net\/WordPress\/wp-json\/wp\/v2\/pages\/3095\/revisions"}],"predecessor-version":[{"id":4863,"href":"http:\/\/www.bathart.net\/WordPress\/wp-json\/wp\/v2\/pages\/3095\/revisions\/4863"}],"wp:attachment":[{"href":"http:\/\/www.bathart.net\/WordPress\/wp-json\/wp\/v2\/media?parent=3095"}],"curies":[{"name":"wp","href":"https:\/\/api.w.org\/{rel}","templated":true}]}}